 = -3*b, 0*x = 3*b + 2*x - 17. Suppose -b*f + y = 622. What is the remainder when f is divided by 27?
24
Let b(i) = i**3 + 5*i**2 + 8*i - 101. What is the remainder when b(7) is divided by 168?
39
Let y = 5316 - 5296. Calculate the remainder when 12158 is divided by y.
18
Suppose -693 = -19*l + 3*l - 17*l. Calculate the remainder when 49 is divided by l.
7
Let n(u) = 15*u - 325. Suppose -7*d + 41*d = 1122. What is the remainder when n(d) is divided by 9?
8
Suppose -3*n - 1394 = -t - 1266, -2*t + 5*n = -260. Calculate the remainder when t is divided by 16.
12
Let u = 69690 + -69685. Let t(h) = h**3 - 6*h**2 + 2*h - 7. Let s be t(6). Calculate the remainder when u is divided by (-2)/(s/(-3) - -1).
2
Let k = 1 - -5. Let f(y) = 321*y - 3839. What is the remainder when f(12) is divided by k?
1
Let o be (-2)/(-3 - -2) - -13. Suppose 6*k + 77 - 17 = 0. Let n = o - k. Calculate the remainder when n is divided by 10.
5
Let m(z) = -47*z**3 + 13*z**2 + 4*z - 10. What is the remainder when 104 is divided by m(-1)?
12
Let u = -1700 - -1190. Let r(j) = -j - 3. Let n be r(6). What is the remainder when u/n + 10/(-6) is divided by 15?
10
Let r be (-12)/2*(-27)/81. Calculate the remainder when (-3*r)/((-24)/192) is divided by 17.
14
Suppose -6*h = -10*h + 56. Suppose 10*d + 4*d - 2044 = 0. Let j = d - 92. Calculate the remainder when j is divided by h.
12
Suppose -171 = -22*x + 20*x + 3*l, -3*l + 27 = 0. What is the remainder when 15344 is divided by x?
98
Let b(m) = 6*m**2 + 126*m + 368. Calculate the remainder when 1007 is divided by b(-3).
39
Let a = 137 - 364. Let f = -180 - a. What is the remainder when 184 is divided by f?
43
Suppose -3300 = -25*z + 6600. What is the remainder when 400 is divided by z?
4
Let t(b) = 4*b**2 + 2*b + 4. Let u be t(-4). What is the remainder when ((-6 + 4)*28 - 1)/(-1) is divided by (1 - 4)/((-9)/u)?
17
Suppose -2*m = 4*b - 1274, 727*b + 4*m = 726*b + 350. What is the remainder when 1097 is divided by b?
155
Let u = 3183 - 3102. What is the remainder when 569 is divided by u?
2
Let m(x) = x**2 + 67*x - 2291. Calculate the remainder when m(44) is divided by 59.
56
Let x = -176 + 170. Let l(g) = -4*g**2 - 30*g - 27. Calculate the remainder when 35 is divided by l(x).
8
Suppose 53*a - 61*a = -288. Calculate the remainder when 215 is divided by a.
35
Suppose -42*c = -34*c + 208. Let v be -1*28 - (13 - 10). Let j = c - v. Calculate the remainder when j is divided by 3.
2
Suppose 0 = 5*o + 2*z - 2159, 413 = 5*o + z - 1739. What is the remainder when o is divided by 173?
83
What is the remainder when 2828 is divided by -1 + 10 - 3/2*102/(-153)?
8
Suppose -79 = -5*o - 2*r, -5*o + 2*r - 1193 + 1264 = 0. What is the remainder when 65 is divided by o?
5
Let z = -95 + 222. Calculate the remainder when z is divided by 231/14*(10/1)/5.
28
Let c = -64 + 96. Suppose 10 - 80 = -14*y. Suppose 4*a - 4*i - 1142 + 366 = 0, 4*a + y*i - 740 = 0. Calculate the remainder when a is divided by c.
30
What is the remainder when (51*(-8)/(-3))/(11*22/2057) is divided by 9?
4
Let f be 4/(36/(-3)) - (-7581)/63. Let k = -102 + f. What is the remainder when 71 is divided by k?
17
Suppose -26*c + 12*c - 29*c + 90945 = 0. Calculate the remainder when c is divided by 1052.
11
Suppose -958 = -20*v + 562. What is the remainder when v is divided by 1*(2 + (-80)/(-2))?
34
Let n = 5954 + -5941. What is the remainder when 2521 is divided by n?
12
Suppose 89 - 59 = -3*q. What is the remainder when 35 is divided by 88/12*(q + 13)?
13
Suppose 41*m - 45*m + 52 = 0. Let x be (-18)/(-12)*(-2 - -4). Suppose -5 = -j - 4*q + 9, 0 = -3*j + x*q + 117. What is the remainder when j is divided by m?
8
Suppose -527 = y - k - 717, -k = 7. Calculate the remainder when y is divided by 27.
21
Let p = 283 + -392. Let j = p - -129. What is the remainder when 53 is divided by j?
13
Suppose 2*o = 5*s - 133, -19*s - 5*o + 5 = -18*s. Calculate the remainder when 2118 is divided by s.
18
Let h = 90 - 86. Suppose 109 = h*y - 5*m, -m + 0*m + 65 = 2*y. Calculate the remainder when 92 is divided by y.
30
Let v(h) = 2*h + 37. Let b be (1 + (-15)/12)/(2/(-136)). Let c be v(b). Let i = c + -51. What is the remainder when i is divided by 7?
6
Let b = 215 + -142. What is the remainder when (4/(-6))/(86/(-16254)) is divided by b?
53
Let s(r) = -5*r - 33. Let v(o) = 22*o + 51. Let k be v(-3). Calculate the remainder when 81 is divided by s(k).
39
Suppose 97 = 3*d + 5*o, 4*d - o - 127 = 33. Suppose 40*f - d = 37*f. What is the remainder when f is divided by 5?
3
Let p(j) = 8*j**2 - 1105*j + 14559. What is the remainder when p(13) is divided by 119?
118
Calculate the remainder when 3768/2*66/88 is divided by 14.
13
Suppose 2*g + 2*j - 545 + 435 = 0, -4*g = 3*j - 221. What is the remainder when 907 is divided by g?
11
Let x = -8896 - -9176. What is the remainder when x is divided by 169?
111
Suppose -k - 3*t = -105, 3*k - 5*t = -77 + 406. What is the remainder when k is divided by 21?
3
Suppose -d + 12 = -y - 13, -5*d + 2*y = -113. Suppose 4*q - 167 = -k + 46, 4*k = -q + 42. Calculate the remainder when q is divided by d.
12
Let y be 18/(-6) - 801*(1 - 2). Suppose 0*b = -14*b + y. Let i(v) = -v**2 + 11*v - 2. What is the remainder when b is divided by i(9)?
9
Suppose y + 30 = -4*y - 5*r, -3*y - 2*r = 14. Let n be y - (-165)/10 - 3/(-2). Calculate the remainder when 120 is divided by ((-30)/(-5) + -4)*n.
24
Let s(m) = 4*m**2 + 255*m - 1631. Suppose -32 - 53 = -b. Calculate the remainder when b is divided by s(6).
42
Suppose -3*q = 5*g - 1968 - 5742, 10326 = 4*q - g. Calculate the remainder when q is divided by 89.
88
Let n(w) = 1064*w + 14240. Calculate the remainder when n(-12) is divided by 25.
22
Let s(j) = -3*j**2 + 5*j + 59. Let l be s(5). Suppose 7*a - l*a = 2*w - 78, 0 = -4*a - 5*w + 157. Calculate the remainder when 117 is divided by a.
3
Suppose 6*m + 3 = 5*m. Let y(a) = -10*a. Let j = -3926 + 4013. Calculate the remainder when j is divided by y(m).
27
Suppose -81840 = -112*k - 218*k. What is the remainder when 686 is divided by k?
190
Let a = 42 + -18. Suppose -144 = -4*m - 3*u, 3*u = 3*m - a - 105. What is the remainder when (38/(-95))/((-8)/3020) is divided by m?
34
Suppose -4*v + j = -2580, j = 5*v - 1815 - 1409. Calculate the remainder when v is divided by 27.
23
Let t be 1 + 1*-9 + (-2 - 0). Let u(h) = -h**3 - 10*h**2 - 2*h - 15. Suppose 153 = -6*n + 15*n. Calculate the remainder when n is divided by u(t).
2
Suppose -73*l + 76*l = 198. Calculate the remainder when 323 is divided by l.
59
Suppose -68 = -9*x + 22. What is the remainder when (-1*16/x)/((-4)/1590) is divided by 49?
48
Suppose 24 = 2*g - 4*n, 14*n + 60 = 5*g + 19*n. Suppose g*y - 1 = 167. What is the remainder when 80 is divided by y?
10
Let j be ((-752)/(-24))/((-4)/6). Let f = j + 44. What is the remainder when 66 is divided by 17 - ((-1 - f) + (-6)/2)?
12
Let s(r) = r + 4 - 81 - 4 + 3. Let b be s(0). Let d = -65 - b. What is the remainder when 61 is divided by d?
9
Let m = 2025 + -1995. What is the remainder when 3568 is divided by m?
28
Let l(s) = 2*s**2 + 28*s + 129. What is the remainder when l(-4) is divided by 28?
21
Suppose 871 = 15*n - 524. Suppose n = 5*c + 3*i, c - 2*c = -3*i - 15. Calculate the remainder when c is divided by 3.
0
Suppose 0 = 3*w - 5*t - 73, 5*w - 10*w + 4*t = -126. Let i(y) = y**2 + y - 8. Calculate the remainder when i(-8) is divided by w.
22
Let b = 6368 + -6321. Calculate the remainder when 151 is divided by b.
10
Let s(g) = g**2 - 14*g - 66. Let w be s(17). What is the remainder when 47 is divided by ((-1*2)/(-6))/(w/(-810))?
11
Let u(d) = -d**3 - 12*d**2 - 11*d + 10. Let l be u(-11). Suppose 4*n = -o - 7, 2*o + 2*n + 0 - l = 0. Calculate the remainder when o is divided by 3.
0
Suppose -1 = 3*x - 2*y, -y - 3 = 4*x - 4*y. Suppose -x*k + 29 = 3*j - 25, 3*j - 77 = -4*k. Let w = 16 - -75. What is the remainder when w is divided by k?
22
Let z(s) = s**2 + 3*s + 6. Let n(q) = 3*q + 0*q - 4*q + 3. What is the remainder when n(-12) is divided by z(-2)?
3
Let k(h) = -6*h**3 - 8*h**2 - 6*h + 13. Let p be k(-4). Suppose 282*d + 858 = p*d. What is the remainder when d is divided by 27?
24
Suppose -39 = -t + 2*c, 5*c = 3*c. Let u = t - 11. Suppose -77 = -5*x - 2. Calculate the remainder when u is divided b